at is the tens digit of m(6)?
8
Suppose -n - 4*n + 5*b - 3015 = 0, 1829 = -3*n - b. Let x = n - -1290. What is the units digit of x?
2
Let y = 1753 - -841. What is the thousands digit of -18 - -22 - y/((-6)/3)?
1
Suppose 60*u = -22*u - 149800 + 1644578. What is the thousands digit of u?
8
Let c be 5/1*(-3 + 4). Suppose 0 = -0*q + 4*q - c*g - 559, 2*q = -g + 297. Suppose 26 = -4*m + q. What is the tens digit of m?
3
Let h(u) be the third derivative of u**4/2 - 7*u**3/2 - 48*u**2 - 2*u. What is the units digit of h(19)?
7
Suppose -3116 - 23511 = -b + j, 0 = -5*b - 5*j + 133175. What is the ten thousands digit of b?
2
Suppose 4*s - 278 = -2*p, -61 = -5*s + p + 276. What is the units digit of s?
8
Let v be 3 - (-1)/(-3)*3. Suppose 3*c - c + 2*b = 6, b + 3 = v*c. Let a(f) = 15*f**3 + f**2 - 3*f + 1. What is the units digit of a(c)?
9
Let u = 25896 + -4679. What is the thousands digit of u?
1
Suppose -2*f - 2*h = -28 - 14, 2*f - 3*h = 37. Suppose -8 = -4*p + 4*s - 7*s, -5*s = -f. What is the units digit of p/(3/(-114)) - 1?
7
Let i = 11842 - 3037. What is the units digit of i?
5
Suppose -8511 = 11*n + 2577. Let z = 1528 + n. What is the tens digit of z?
2
Let r = 9488 + 4176. What is the thousands digit of r?
3
Let j(a) be the third derivative of -13*a**5/60 - a**4/4 - 8*a**3/3 + 22*a**2. Let q be j(-6). What is the units digit of 1 - (3 + 0) - q/4?
0
Let u = 3087 - 1599. Suppose 2502 = -l + 6*l + 4*t, -u = -3*l + 2*t. What is the units digit of l?
8
Let d(c) = -c**3 + 4*c**2 + 3*c - 552. Let h be d(0). Let w = h + 822. What is the hundreds digit of w?
2
Suppose 0 = -6*f + 2*u + 60190, 15*u - 11*u = 16. What is the hundreds digit of f?
0
Let x be ((-4)/10)/((-1)/(-175)). What is the hundreds digit of 429 + 1 + 7*(-30)/x?
4
Let s(l) = 2*l**2 - 6*l - 3. Let k be s(4). Suppose -k*c = 0, -x + 6*x = -c. Suppose x = -7*i + 207 + 206. What is the tens digit of i?
5
Let i be 53/4 - (-18)/24. Suppose -i*g + 7*g = -4221. What is the tens digit of g?
0
Let g(f) = -f**3 - 3*f**2 - 3. Let u be (-3 + -3)*(-1)/(-2). Let q be g(u). What is the units digit of -3 - (q + (-1 - 2))?
3
Let o = -94 + 111. Suppose 3*z + o = 4*z. Suppose z*q - 82 = 15*q. What is the units digit of q?
1
Suppose 3*s - 99424 = -83188 + 110955. What is the thousands digit of s?
2
Suppose 0 = 6*c - 18*c + 36. Suppose 0 = c*o + b - 738, 3*o + 5*b = 277 + 473. What is the hundreds digit of o?
2
Suppose -4*n + 7*p = 12*p - 700, -4*p + 526 = 3*n. Suppose 5*k + 0 - 25 = 0. Let t = k + n. What is the units digit of t?
5
Let m(r) = -8 - 2 - 95*r + 1 + 184*r - 190*r. What is the hundreds digit of m(-10)?
0
Let c(u) = u**3 + 76*u**2 + 109*u + 735. What is the thousands digit of c(-30)?
8
Suppose -3*s + 23 = 32. What is the tens digit of (0 + 26)*(-1 - s/2)?
1
Let y(f) = -666*f + 84. Let w be y(3). Let x = -1366 - w. What is the hundreds digit of x?
5
Let p = 16887 + -6836. What is the tens digit of p?
5
Let z be ((-1386)/(-9))/((-2)/(-1)). Suppose q - 38 = 7*h - 4*h, -3*h + z = 4*q. What is the tens digit of q?
2
Suppose 10 + 2 = 3*o. Suppose q + o*q + 139 = -3*s, -5*q = 10. Let h = s + 100. What is the units digit of h?
7
Let z be -1 - -2 - (8 + -9). Suppose -z*p + 6*p - 1632 = 0. Let v = p + -235. What is the tens digit of v?
7
Let m be 1*6/10 - (-335283)/195. Suppose -3*z = -z - 3*s - m, z = 4*s + 865. What is the hundreds digit of z?
8
Let o(g) be the first derivative of 63*g**2 - 152*g - 98. What is the thousands digit of o(10)?
1
Suppose 4*y + 4*k + 2 = -214, 0 = y - 5*k + 78. Suppose 0 = -110*b + 3326 + 4704. Let x = y + b. What is the units digit of x?
5
What is the thousands digit of 1 + -7 + 54/((-270)/(-159125))?
1
What is the tens digit of 5/3 + -1 - 52113048/(-2124)?
3
Let w(k) = -7*k - 49. Let i be w(-6). Let y(h) = 3*h + 27. Let u be y(i). Let o(v) = 33*v + 17. What is the tens digit of o(u)?
1
Let w(f) = 485*f**2 - 29*f - 4. What is the tens digit of w(2)?
7
Suppose 5*n - 2*c = 43732, 3*n - c - 13492 - 12746 = 0. What is the thousands digit of n?
8
What is the units digit of (-16)/(-28) - (-259989)/21?
1
Let h = 530 - 254. Suppose 3*z + 3*p - 732 = 0, 3*z - h = 2*p + 461. What is the units digit of z?
5
Suppose 5*x = -i + 9356, -37380 = -4*i - 16*x + 18*x. Suppose 8*m + 1834 = i. What is the hundreds digit of m?
9
Suppose 11*l + 0*l - 506 = 0. Suppose l*i - 4260 = 43*i. What is the hundreds digit of i?
4
Let k(f) = -2*f. Let z be 200/24 + (-2)/6. Suppose 3*u = -l - l + 1, -z = -4*l. What is the units digit of k(u)?
2
Let c be (-1 - 417)/(0 - (-5)/(-5)). Let q = c + -170. What is the hundreds digit of q?
2
Suppose y = b - 64959 + 10122, 4*b - 219292 = -3*y. What is the tens digit of b?
2
What is the hundreds digit of (23 - -30)*(0 - -163)?
6
Let p(c) = -6*c**3 + c**2 + 2*c - 4. Let m be p(3). Let o = 104 + m. Let l = o - -74. What is the tens digit of l?
2
Suppose 4*t + 968 = 4*n, 69*n - 74*n - 3*t = -1250. What is the units digit of n?
7
Let y = 308 + -306. Suppose -y*t - 149 - 1169 = -4*u, t = 3*u - 991. What is the tens digit of u?
3
Let l be ((-32)/(-12) - 4)*6/4. Let c be ((-3)/(-9))/(l/(-30)). Suppose 4*z + c*g - 454 = 0, 220 = 4*z + g - 226. What is the tens digit of z?
1
Suppose 0 = 3*s - 17 + 2. Let o(p) = 6*p**2 + 16. What is the hundreds digit of o(s)?
1
Let d(t) = -70*t + 5. Let n(m) = -67*m + 6. Let p(o) = 4*d(o) - 3*n(o). Let k = -7 + 6. What is the units digit of p(k)?
1
Let c be 10*4404/32 + (-1)/4. Let w = -960 + c. What is the units digit of w?
6
Let x(u) be the first derivative of -9*u**2 - 19*u + 290. What is the hundreds digit of x(-27)?
4
Let h = 219 - 204. What is the tens digit of ((-20)/h)/((-4)/1383)?
6
Let i = 70925 + -32988. What is the tens digit of i?
3
Let y(n) = n + 1. Let b(d) = -d + 11. Let u(o) = -3*b(o) + 24*y(o). Suppose -19 + 67 = 8*c. What is the hundreds digit of u(c)?
1
Suppose 5*t - 3*z = -z + 2633, 3*t - 5*z = 1595. Let l = t + -72. What is the hundreds digit of l?
4
Let z be 2/(-3) + 33/9 + 4. Suppose -6 = 4*f - z*f. Suppose -l = -3*o + 8*o - 636, -f*o + 236 = 5*l. What is the units digit of o?
8
Let w(q) = 17*q**2 - 29*q + 5. Let f(o) = o**2 + o - 1. Let h be f(-3). What is the units digit of w(h)?
5
Suppose 0 = -6*z + 317 - 1397. Let s be ((-192)/(-10))/2 - 72/z. Let y(l) = l**2 + 2*l - 11. What is the units digit of y(s)?
9
Let u = 45 + -10. Let d = u + -39. What is the tens digit of (-1270)/(-45) - d/(-18)?
2
Let n = 7940 + -1237. What is the hundreds digit of n?
7
Let c(d) be the second derivative of 2/3*d**3 + 1/6*d**4 + 0 - 16*d - d**2. What is the tens digit of c(3)?
2
Suppose 0 = u + u + d + 1038, 5*d = -2*u - 1054. Suppose -1679 = 6*b - 149. Let x = b - u. What is the hundreds digit of x?
2
Let h be (-8)/(-2) - -4*3/(-6). Suppose -3*m = h*m + 4*m. What is the tens digit of (-9 - m)/(3 - 128/42)?
8
Let t(p) = p**2 + 6*p + 2. Suppose g + 5*r + 32 = -g, 4*g + 32 = -2*r. Let b be t(g). What is the hundreds digit of (-10 + 10)*b/2 + 228?
2
Let r(k) = 1316*k + 5198. What is the units digit of r(4)?
2
Suppose 0 = 9*v - 8*v + 3. Suppose -15*a + a - 1764 = 0. Let p = v - a. What is the hundreds digit of p?
1
Suppose -108*z + 47*z + 12*z + 250880 = 0. What is the tens digit of z?
2
Let f = 39 + -35. Suppose -f*a + 4*q = -420, a - 73 - 38 = -q. What is the hundreds digit of a?
1
Let m(t) = -3*t**2 + 193*t - 444. What is the tens digit of m(49)?
1
Suppose 0 = -36*k + 39*k - 1944. Suppose -224*m + 226*m = k. What is the hundreds digit of m?
3
Suppose 39*w - 49120 - 255743 = 0. What is the tens digit of w?
1
Let q(a) = 18*a - 8 - 41*a + 24*a. Let t be q(10). Suppose k - m - 119 = 0, -352 = -3*k - t*m - 0*m. What is the tens digit of k?
1
Suppose 124 = -10*m - 106. Let l(v) = v**2 - 2. What is the units digit of l(m)?
7
What is the tens digit of (70116/(-14))/(468/(-3276))?
5
Let n(x) = -x**2 + 18*x + 3. Let o be n(18). Let r be (-3)/((-9)/4)*o. Suppose -2*u = r*i - 564, -u + 6 = -4*u. What is the hundreds digit of i?
1
Let f(w) = 4*w**2 + 33*w + 32. Let g be -15*(-12)/270 + 106/(-6). What is the tens digit of f(g)?
2
Let n(w) = 6*w**3 + 18*w**2 + 20*w - 130. What is the hundreds digit of n(11)?
2
Let z(w) = 2*w**3 - 2*w**2 - 12*w + 6. Suppose 65*p = 61*p + 16. What is the units digit of z(p)?
4
Suppose -5*s + 940 = 5*d, 737 = 4*d - 3*s + 4*s. W